w = 2079 - 1049. What is the tens digit of w?
3
Suppose -4*l - 2403 - 4693 = -4*z, 0 = -5*z - l + 8870. What is the hundreds digit of z?
7
Let n = 2562 - 1067. What is the thousands digit of n?
1
What is the units digit of 48/56*811 - 2/14?
5
Let r = -4 + 6. Let a(i) = i**r - 8*i - 1 + 9*i - i**3 - 5*i. What is the tens digit of a(-3)?
4
Suppose -18 - 2 = -2*t. Let f(j) = 15*j**3 + j**2 - t - 2*j - 4 + 15. What is the units digit of f(1)?
5
Let s(k) be the third derivative of k**7/210 + k**5/120 + 5*k**4/24 - 5*k**2. Let x(i) be the second derivative of s(i). What is the units digit of x(-2)?
9
Let i = -26 + 30. Let c be 22*(0 - i/8). Let w = c - -40. What is the units digit of w?
9
Let n(z) = 4*z**2 + z + 1. Let m be n(-2). Suppose s + 3*t + m = -0*s, 4*s - 20 = 4*t. Suppose -2*j - j + 141 = s. What is the units digit of j?
7
Suppose -3*t = -159 - 477. What is the units digit of t?
2
Suppose -24*g + 26*g - 1648 = 0. What is the units digit of g?
4
Let i be (-1)/5 + 18/(-10). Suppose -4*m + x = -1, -2*m - 14 = -m - 5*x. What is the units digit of i/(m + -3)*33?
3
Let n be 2 - (3 + 0) - -3. Let d(x) = n*x - 3*x + 0*x + 7 + 1. What is the units digit of d(-8)?
6
Let v(l) = l**3 + 4*l**2 + 3*l + 1. Let n be v(-2). What is the units digit of ((-36)/6)/((-1)/n)?
8
Let b be (-20)/(-8) - 22/(-4). Suppose b*f - 305 = 3*f. What is the tens digit of f?
6
Suppose -2*s + 24 = -10. Let w = s + -13. Suppose -2*o = w*v - 54, 6*v + 134 = 4*o + v. What is the units digit of o?
1
Let t be ((-6)/24)/(3/(-84)). Let c(z) = 22*z - 23. Let m(w) = -11*w + 12. Let k(g) = t*m(g) + 4*c(g). What is the units digit of k(7)?
9
Suppose u + u + 3*s = 5, 3*u = -3*s + 15. Suppose 940 = u*n - 1370. What is the hundreds digit of n?
2
Suppose 5*x + 2177 = -823. Let s be -2 - -6*(2 + -11). What is the units digit of 2/7 + x/s?
1
Let m = 655 - 355. Suppose 0 = -19*t + 15*t + m. What is the units digit of t?
5
Suppose -16*j - 662 = 1018. Let y = j - -197. What is the units digit of y?
2
Let f(g) = 19*g + 6. Let u be f(-2). Let m = u + 152. What is the units digit of m?
0
Let k be -57 - 2/4*6. Let q be (-34)/(-12) + (-10)/k. Suppose 4*v = 4*a - 66 + 14, -q*v + 29 = a. What is the units digit of a?
7
Let x(g) = g**2 + 8*g + 77. What is the tens digit of x(39)?
1
Let v(a) = -a**2 - 20*a + 24. Suppose -32*y = -33*y - 18. What is the units digit of v(y)?
0
Let m(l) = l + 1. Let c be m(2). Let q = -96 + 100. Suppose 13 = t - k, k + 33 = c*t + q*k. What is the tens digit of t?
1
Let a(v) = -31*v**2 - 3*v - 3. Let f be a(-2). Let s = f - -229. What is the hundreds digit of s?
1
Suppose 0 = -0*r + 4*r - 3*l + 25, -2*l = -r. Let b(x) = 14*x**2 - 2*x + 1. Let s be b(1). Let c = s + r. What is the units digit of c?
3
Suppose -2*k = -q - 91, -4*q - 296 = -2*k + 56. Let n = 160 + q. What is the tens digit of n?
7
Let f be 0/(-1) + (128 - -11). Let p = -94 + f. Suppose 2*u + p = 7*u + 3*a, 43 = 4*u + a. What is the tens digit of u?
1
Suppose 0 = 5*d - 4*p + 445, 7*d - 5*d = p - 178. Let y be (1 - d)/2 - 0. Suppose 0*v + y = v. What is the tens digit of v?
4
Let k(m) = -m**3 + 4*m**2 - 3*m + 1. Let a be k(2). Suppose -a*u = -4*u - f + 19, -4*u + 5*f = -58. Suppose -b + 0*b + u = 0. What is the tens digit of b?
1
Let o(v) = -v**3 - 2*v**2 - 5*v - 14. Let r be o(-6). Let y = r - 74. What is the tens digit of y?
8
Suppose 2*j + 19 - 1 = 4*s, -10 = -s - 5*j. Suppose 5*h - 4 = 2*r, h - 4*r + 20 = s*h. Suppose 5*y - 75 = h*y. What is the units digit of y?
5
Let k = 613 - 511. What is the hundreds digit of k?
1
What is the tens digit of 9 + 6520/(-6 - -11)?
1
Let d(i) = i**2 + 6*i - 6. Let v be d(-6). Let h = -3 - v. Suppose 0 = -0*y - h*y + 69. What is the tens digit of y?
2
Let g(m) = -m + 7. Let r be g(5). Suppose -4*w - w - 141 = u, -3*w + r*u - 82 = 0. Let j = -5 - w. What is the units digit of j?
3
Let l(u) = -79*u + 1962. What is the thousands digit of l(0)?
1
Let w(i) = -i**3 + 5*i**2 - 8*i + 10. Let b be w(4). Let j(h) = h**2 - 4*h - 4. What is the units digit of j(b)?
6
Let k(y) = -y**2 - y + 1. Let o(s) = 31*s**3 + 6*s**2 + 5*s - 5. Let v(f) = 5*k(f) + o(f). What is the tens digit of v(1)?
3
Suppose -2*w - 5*r = -193, 5*w + 0*r + 4*r = 457. What is the tens digit of w?
8
Suppose 2*i - 2*x - 324 = 2060, 5*i - 5950 = -5*x. What is the thousands digit of i?
1
Suppose 2*h - 4 = -2*i, 2*h + h = i + 10. Let a be (-3 - i) + -14 + 1. Let v = a + 39. What is the units digit of v?
4
Suppose 5*g - 7*g + 196 = 0. What is the units digit of g?
8
Suppose -3*p = -5*p + 118. Suppose -h = -0*h - p. What is the units digit of h?
9
Suppose 5*u - 1500 = u. What is the units digit of u?
5
Let f be 2/(((-15)/12)/(-5)). Let t = 9 - 9. Let x = f + t. What is the units digit of x?
8
What is the tens digit of 1988/((-6 - 0)/((-3)/1))?
9
Suppose 2*f - 172 = -2*f + 3*m, -5*f + 184 = 4*m. Suppose -f = -4*p - p. What is the units digit of p?
8
Suppose 3*f - 5*d + 23 = 5*f, 3*f = 5*d - 3. Let w be (-1 - f/4)*-27. Suppose k + w = 4*k. What is the units digit of k?
8
Let a = 63 - 58. Suppose 7*h = 4*h - 5*w + 332, -a*h - w = -524. What is the tens digit of h?
0
Let g = -42 + -13. Let v = g + 115. Suppose 0 = 2*h - v - 24. What is the tens digit of h?
4
Let z be ((-4)/(-2) + 8)*(-799)/(-235). Let t = -4 + 7. Suppose -z = -t*o + 56. What is the units digit of o?
0
Let y(o) be the first derivative of 68*o**3/3 - o**2 + o + 25. What is the units digit of y(1)?
7
Suppose b = -4*z - 75, 0 = -3*z + z - b - 37. Let o be 17/2*-2 - 4. Let k = z - o. What is the units digit of k?
2
Let d(s) = 32*s**2 + 20*s + 100. What is the thousands digit of d(-8)?
1
Let m = -49 - -105. Let s = 19 + m. What is the units digit of s?
5
Let a be 6*1*1/2. Let n(u) = 3*u**2 - 16*u - 5. Let c be n(6). Suppose j + a = c. What is the units digit of j?
4
Let g(f) = -f + 10. Let u be g(5). Suppose u*i + 7 = -2*t, 4*t - 5*t = 4*i + 8. What is the units digit of (-3 + t)/((-1)/(-9))?
9
Let w = -8 - 9. Let y = 26 + w. What is the units digit of y?
9
Suppose 25*c - 38164 = -4*c. What is the thousands digit of c?
1
Suppose 0*b - 28 = 5*b - 2*f, 4*b + 22 = 2*f. What is the tens digit of 430/6 + (-2)/b?
7
Let q(n) = -9*n + 53 + 55 - 104. What is the units digit of q(-6)?
8
Let g(r) = 18*r**3 - 5*r**2 + 9*r + 17. What is the tens digit of g(4)?
2
Let b be 90*(15/6 - 2). Let f be (-1 + (-48)/15)*-5. Let k = b - f. What is the tens digit of k?
2
Suppose -5*l = -20, -3*l = -u - l + 160. Suppose -u - 171 = -3*x. What is the hundreds digit of x?
1
Suppose 2*m + t - 9 = 0, -4*m = -3*m + 5*t + 9. Suppose -m*o + 180 = -3*o. Suppose -5*q + 83 = 4*g, q + 2*q - o = g. What is the units digit of q?
9
Let c(h) = -h**3 + h**2 - h. Let d(p) = -6*p**3 - 2*p**2 - 8*p - 10. Let b(a) = -5*c(a) + d(a). Let q be 4/18 - 65/9. What is the tens digit of b(q)?
1
Let f = -7190 - -11327. What is the thousands digit of f?
4
Let p = -584 - -3006. What is the thousands digit of p?
2
Suppose -5*c + 7*c = 600. What is the hundreds digit of c?
3
Suppose 5*n - 2356 = -x, 2938 - 1054 = 4*n + x. What is the tens digit of n?
7
Let m(h) = h**2 + 7*h + 4. Let q be m(-7). Suppose 0 = q*w + 2*w. Suppose -3*x + w*x - 5*b = -102, 5*b + 130 = 5*x. What is the tens digit of x?
2
Let p(h) = -h**3 - 4*h**2 - 10*h + 2. What is the hundreds digit of p(-10)?
7
Let v(u) = 1951*u**2 - 66*u - 65. What is the hundreds digit of v(-1)?
9
Suppose 5*d = -2*d + 21. Let x be (-192)/(-2*1) + 0. Suppose -x = -6*p + d*p. What is the tens digit of p?
3
What is the units digit of (-5178)/24*8/(-2)?
3
Let b(u) = -u**3 + 9*u**2 + 5*u - 3. Let a be b(9). Let y = a + -24. What is the tens digit of y?
1
Let g = -11 + 9. What is the tens digit of g + (4 - 4) - -65?
6
Suppose 37 = p - 0*p. Suppose 15 = 4*y - p. What is the units digit of y?
3
Let t = -539 + 1165. What is the units digit of t?
6
Let t(x) = -385*x + 121. Let h(p) = -16*p + 5. Let d(m) = 143*h(m) - 6*t(m). What is the tens digit of d(7)?
4
Suppose 0 = 90*p - 94*p + 3844. What is the tens digit of p?
6
What is the tens digit of (-14*(-4)/(-24))/((-3)/486)?
7
Suppose -9*s - 8 = 5*w - 7*s, 3*w - 16 = 4*s. Suppose -a + 3*d + 134 = w, -d = a + 2*d - 110. What is the units digit of a?
2
Suppose 5*j + p = 19, 3*j - 16 = -p - 3. Suppose 0 = -y + 230 - 30. Suppose -5*b = -5*h + y